
Convert 108519 (base 11) to base 15.
360d4
Convert a986cc (base 14) to base 9.
11728720
Convert 33222 (base 15) to base 16.
27ab2
3133330222 (base 4) to base 9
1647251
-1d8510d (base 14) to base 11
-8418437
-30907b (base 13) to base 6
-40144510
What is -114151223 (base 7) in base 4?
-123002201102
What is 1037808 (base 13) in base 5?
2230213411
-1200000210212 (base 3) to base 2
-11011000011000110101
-126b61 (base 15) to base 4
-3113223301
What is -56131 (base 12) in base 3?
-12210200201
What is 1000212102220 (base 3) in base 4?
2011322301
13b5b (base 15) to base 4
33131033
Convert 1956372 (base 10) to base 3.
10200101122020
1234132 (base 5) to base 15
72e7
3324242121 (base 5) to base 15
985c5b
Convert 110101011011100101 (base 2) to base 8.
653345
12230110130 (base 4) to base 14
339500
What is -100000014 (base 6) in base 10?
-1679626
Convert 8d80aa (base 15) to base 8.
31623535
-158a934 (base 11) to base 12
-aa7424
Convert 4cd88 (base 15) to base 3.
110111112002
Convert -1008091 (base 11) to base 8.
-6631045
Convert -80b317 (base 12) to base 10.
-2010115
Convert 1011001011000001111110 (base 2) to base 5.
1222210031
-10131404130 (base 5) to base 16
-9efc5a
What is -2b723 (base 14) in base 3?
-12111201112
Convert -12022012122 (base 3) to base 7.
-613241
What is -14141532 (base 6) in base 13?
-13a5b2
What is 21120002011 (base 3) in base 6?
3104434
-2322032023 (base 4) to base 14
-15bd91
90504 (base 10) to base 3
11121011000
102210110120001 (base 3) to base 12
2123624
Convert -1215030 (base 6) to base 4.
-33301122
2124004 (base 6) to base 16
19864
Convert 110121200121 (base 3) to base 8.
745052
What is -646489 (base 10) in base 9?
-1184731
Convert -1013432424 (base 5) to base 4.
-13332331000
10001100101100110111 (base 2) to base 10
576311
cfe8f8 (base 16) to base 15
12e232c
Convert 840149 (base 10) to base 5.
203341044
Convert 324231211 (base 5) to base 10.
1398931
26607576 (base 8) to base 10
5967742
4320604 (base 7) to base 16
80725
Convert -5172471 (base 8) to base 16.
-14f539
What is -b58c72 (base 14) in base 8?
-27311504
What is 3532002 (base 6) in base 13?
654b0
What is -27d570 (base 15) in base 16?
-1d4516
-635e8 (base 15) to base 4
-1030331102
Convert 67ef (base 16) to base 7.
140400
1130541 (base 8) to base 14
80121
Convert 1051321 (base 7) to base 11.
89877
Convert a7c8e (base 16) to base 7.
5561430
Convert 2f4889 (base 16) to base 13.
8465b3
-122200212010202 (base 3) to base 6
-533332415
What is -105566143 (base 7) in base 15?
-8772ba
5232405 (base 6) to base 7
2103326
What is -1100110000010011100 (base 2) in base 7?
-3360336
Convert 33166 (base 15) to base 12.
79b29
Convert 10450432 (base 8) to base 14.
42785c
Convert -234412111 (base 6) to base 15.
-5c42e4
What is 2305100 (base 10) in base 3?
11100010000002
74d63 (base 14) to base 11
18329a
-413211 (base 6) to base 2
-1000000101100111
What is 5b251 (base 13) in base 14?
44dd6
What is 456793 (base 12) in base 3?
2002102022110
-65431244 (base 7) to base 12
-1a6335b
Convert 30615 (base 13) to base 3.
11101221200
What is -445044530 (base 6) in base 13?
-189a932
What is 2861120 (base 10) in base 4?
22322201000
What is 17144302 (base 9) in base 14?
11d9034
What is -8866b3 (base 14) in base 12?
-16720b1
Convert -1c1b26 (base 14) to base 4.
-3311003212
6804642 (base 9) to base 5
1414230403
What is e028 (base 15) in base 2?
1011100010111000
10011102112 (base 3) to base 10
62276
What is -300532 (base 7) in base 9?
-76471
10110000100001001110 (base 2) to base 11
454243
3141020 (base 6) to base 7
1205343
-1127324 (base 9) to base 5
-123441410
Convert -420017 (base 9) to base 16.
-3cdf6
Convert 1261553 (base 7) to base 11.
103a38
Convert -5753655 (base 10) to base 5.
-2433104110
Convert -210155151 (base 6) to base 3.
-20212200010111
What is -304101435 (base 6) in base 2?
-10011111101101111011111
What is 19cc2b (base 13) in base 6?
22024335
-60 (base 9) to base 13
-42
7165166 (base 9) to base 5
1434303123
Convert 12021321213 (base 4) to base 15.
21d0b0
What is 54b4 (base 16) in base 3?
1002202010
Convert 613aa (base 15) to base 3.
120122102221
Convert -699116 (base 14) to base 10.
-3597600
What is -15120510 (base 6) in base 2?
-1111111110111111010
What is -98a25 (base 13) in base 15?
-56d31
211001222 (base 4) to base 14
3d3aa
What is 22514554 (base 7) in base 16?
1e112c
Convert 100313310 (base 4) to base 9.
114716
What is -54030700 (base 8) in base 16?
-b031c0
Convert -10001111000111110 (base 2) to base 6.
-1323130
What is 67636 (base 10) in base 15?
15091
-23301123233 (base 4) to base 2
-1011110001011011101111
What is 154454 (base 10) in base 16?
25b56
Convert 14131043 (base 5) to base 6.
3042513
33084 (base 13) to base 14
2594a
Convert 23759 (base 12) to base 9.
72426
-3d3d6 (base 15) to base 10
-196626
Convert -1165661 (base 7) to base 15.
-2eaae
What is 583486 (base 9) in base 15?
6dbec
-7913060 (base 10) to base 6
-441334312
What is 390050 (base 10) in base 5?
44440200
Convert 13a3a08 (base 11) to base 16.
24b7bf
What is -31051 (base 8) in base 15?
-3c11
What is -2312144 (base 7) in base 14?
-773cb
-21110110001 (base 3) to base 8
-436646
-23b360a (base 12) to base 11
-3a19672
279967 (base 10) to base 14
74059
Convert -415050 (base 8) to base 16.
-21a28
Convert -3954526 (base 10) to base 9.
-7386527
Convert 1112010020010 (base 3) to base 2.
11000101100110001011
Convert e8372c (base 15) to base 3.
202210021222220
Convert -12c0809 (base 14) to base 10.
-9067753
What is -237376 (base 9) in base 5?
-14040241
What is -2a63790 (base 11) in base 8?
-24006721
What is -30637 (base 9) in base 14?
-7511
What is 1a5020 (base 11) in base 15?
63128
-b19597 (base 13) to base 2
-1111110001001010010110
-284a9 (base 13) to base 2
-10010011011111001
Convert -11100110001111 (base 2) to base 13.
-6926
What is a1003 (base 11) in base 3?
21111200000
7833997 (base 10) to base 15
a4b2b7
What is -10424b8 (base 12) in base 2?
-1011101110010001001100
What is 367744 (base 10) in base 6?
11514304
What is 33304430 (base 5) in base 3?
112210111200
6c781 (base 13) to base 3
101010000001
Convert -101111110101001011 (base 2) to base 5.
-22232130
Convert -b819 (base 14) to base 6.
-403035
Convert 161873 (base 11) to base 10.
251276
What is 625c9 (base 13) in base 7?
1334236
Convert -43bc0 (base 13) to base 4.
-131333202
What is 21587a7 (base 11) in base 2?
1110011101000010111110
Convert -103111200201 (base 4) to base 16.
-4d5821
Convert -110110010101010000 (base 2) to base 15.
-45e14
What is -10770a6 (base 14) in base 4?
-131310221022
11100001000000000 (base 2) to base 3
12212000200
What is -2196140 (base 10) in base 8?
-10301254
-1263052 (base 8) to base 9
-588328
What is -221102022101 (base 3) in base 14?
-d0492
What is -50252130 (base 7) in base 6?
-225130110
-43372 (base 11) to base 13
-228a1
-2230232030 (base 5) to base 6
-253401145
110112102001000 (base 3) to base 8
31321444
What is -5313565 (base 11) in base 4?
-203231032030
Convert -100200122101201 (base 3) to base 6.
-302214201
-1f466 (base 16) to base 14
-34982
Convert -244545420 (base 6) to base 12.
-16b2270
What is -503422434 (base 6) in base 2?
-100000101100110110110110
Convert -1288846 (base 9) to base 8.
-2547705
-122212211002 (base 3) to base 10
-351974
153360 (base 9) to base 15
1ce43
What is -24351243 (base 6) in base 4?
-2331212223
What is -b15447 (base 13) in base 12?
-146aa48
-11210021222022 (base 3) to base 14
-4a3640
Convert 110424344 (base 5) to base 9.
815616
What is 4a55a (base 13) in base 2?
100001011110101110
What is -14486c (base 13) in base 12?
-1baa9b
Convert 1110011100011010000111 (base 2) to base 4.
32130122013
-ac4f (base 16) to base 9
-66452
What is -9d252a (base 15) in base 11?
-426319a
What is -1010010101010001011 (base 2) in base 3?
-122012102200
What is 10202020201 (base 4) in base 16?
122221
Convert -311240431 (base 6) to base 13.
-11678aa
Convert -a281a8 (base 16) to base 6.
-1020133400
Convert -1800121 (base 9) to base 16.
-f519d
What is -200122212102 (base 3) in base 14?
-97c11
Convert -356622 (base 8) to base 9.
-205632
112110011101120 (base 3) to base 9
15404346
-210100010 (base 3) to base 9
-23303
442986 (base 10) to base 15
8b3c6
Convert -3712849 (base 10) to base 4.
-32022131101
Convert 202001011 (base 3) to base 10.
14611
What 